factors of f?
3
Let t = -127 - -90. Let v = t + 65. What are the prime factors of v?
2, 7
Suppose 8*k - 57 - 95 = 0. Let s = 17 + -25. Let l = k + s. What are the prime factors of l?
11
Let c = -17 + 22. Suppose c*y = 68 + 72. Suppose -4*h = -y - 16. What are the prime factors of h?
11
Suppose 16 = 4*f, 5*n + 0*f = 2*f - 3. List the prime factors of (18/4)/((-1)/(-30)) - n.
2, 67
Suppose 0 = -2*z + 6, -m + 3*z - 34 = -6*m. Let u = 119 - m. What are the prime factors of u?
2, 3, 19
Suppose -a + 22 - 6 = 0. Let v(q) = 4*q**2 + 1. Let y be v(1). Suppose -p = 5*t - 21, -y*t + 16 = 2*p - a. List the prime factors of p.
11
Let q(z) = z**2 - 2*z. Let n be q(-3). List the prime factors of 10/n + 122/6.
3, 7
Let j(y) = -y - 3. Let q be j(-6). Suppose -15 = q*i - 3. Let z(s) = -8*s - 4. List the prime factors of z(i).
2, 7
Let f(r) = 36*r**3 + r**2 - 3*r + 1. Let i be f(1). Suppose -p + 83 = 4*u, 4*u - 33 - i = 4*p. List the prime factors of u.
2, 5
Let x = -29 + 41. Let p = x - 10. List the prime factors of p.
2
Let u(f) = 5*f**2 - 21*f + 7. What are the prime factors of u(-18)?
5, 401
Suppose -208 = n + 77. List the prime factors of (-5)/((-280)/n - 1).
3, 5, 19
Suppose -10*k = -8*k - 572. Suppose 6*u - k = -5*u. List the prime factors of u.
2, 13
Let o(g) = -77*g - 2. Let p be o(2). Let u = p - -6. List the prime factors of ((-20)/(-25))/((-4)/u).
2, 3, 5
Suppose -17081 = 8*t - 27*t. List the prime factors of t.
29, 31
Let q(t) = t**3 + 6*t**2 + 5*t + 12. Let y be q(-5). Suppose -h - 2*h + y = 0. What are the prime factors of h?
2
Let d be (-4 - (3 - 8))*-3. Let v(w) = 11*w**2 + 5*w + 7. What are the prime factors of v(d)?
7, 13
Let m be -57*(-304)/12 + -3 + -1. Suppose 7*q + q = m. List the prime factors of q.
2, 3, 5
Let h = -10 + 15. List the prime factors of 63/h*(24 + -19).
3, 7
Let f be -39 - (-3)/(-6)*2. Let k = 57 - 49. What are the prime factors of (38/(-5))/(k/f)?
2, 19
Let a = -1143 + 3774. What are the prime factors of a?
3, 877
Suppose 56*r - 75420 = 20*r. List the prime factors of r.
5, 419
What are the prime factors of -1 + (6 + -547)/(-1)?
2, 3, 5
Let i be (-124)/(-7) + 12/42. Let v(y) = 2 - 16*y + i*y - 1 + y**2. List the prime factors of v(2).
3
Suppose 4*u + 4*v - 16 = 0, -u + 0*u - 2*v = -6. Suppose u*j - j = s - 82, 0 = 5*j. List the prime factors of s.
2, 41
Let k(o) = -o**2 - 8*o - 4. Let z be k(-7). Suppose 2*b + 3*t = 92, -2*t = -z*b - 6*t + 140. What are the prime factors of b?
2, 13
Let b = -88 + 53. Let p be ((-11748)/(-16))/11 - 4/(-16). Let x = b + p. List the prime factors of x.
2
Let t be ((-17)/(-5))/((-2)/(-10)). Let d(m) = 5*m**2 - 3*m + 3. Let y be d(-3). Suppose y = 2*c + t. What are the prime factors of c?
2, 5
Let w be (-372)/(-90) + (-2)/15. Suppose -w*t + 7*t = 828. What are the prime factors of t?
2, 3, 23
Suppose -27 = c + 4*u, 0*c + 5*u - 3 = 4*c. Let x(v) = v**2 + 9*v - 3. Let g be x(c). Let j = 37 + g. What are the prime factors of j?
2, 5
Suppose 0 = -2*v + n + 115, 9*n - 97 = -2*v + 4*n. Suppose 2*q - v = -6. List the prime factors of q.
5
Let p(u) = u - 1. Let d = 10 - 9. Let a = d + 3. List the prime factors of p(a).
3
Let i = 942 + -360. List the prime factors of i.
2, 3, 97
Let a(b) = -321*b + 12. Let q be a(4). List the prime factors of q/(-40) + 1/5.
2
Let o(u) = -2*u**3 + 26*u**2 - 17*u + 12. List the prime factors of o(12).
2, 3
Let j = -1 - -4. Let p(f) be the first derivative of f**3/3 + 2*f + 2. What are the prime factors of p(j)?
11
Let r(w) = 3*w**2 - 11*w + 50. What are the prime factors of r(21)?
2, 571
Let w = 44 - 42. Suppose 45 = w*o - 81. What are the prime factors of o?
3, 7
Suppose -4*f = o - 6*o + 206, o = -f - 47. Let d = f + 100. What are the prime factors of d?
3, 17
Let h(y) = 4*y - 2*y - y**3 - 5*y**2 - 4 + 2*y**3. Let k be h(5). Suppose g + 165 = k*g. List the prime factors of g.
3, 11
Suppose 5*z + 2*r = -0*z - 41, 0 = -5*z + 2*r - 29. Suppose 0 = d + 5 + 23. Let v = z - d. List the prime factors of v.
3, 7
Let n = 1059 - -584. List the prime factors of n.
31, 53
Let h = -2430 - -5686. What are the prime factors of h?
2, 11, 37
Let h(p) = 3*p - 1. Let f be h(1). Let q(z) = z + 1. Let b be q(f). Suppose b*l - 35 = -2*l. List the prime factors of l.
7
Let x be 56/(-6)*(-684)/7. Suppose -17*h + 21*h = x. List the prime factors of h.
2, 3, 19
Suppose -6*d = -d - 3*o + 27, -5*d = -o + 19. Let c be (4/3)/((-1)/d). Suppose -4*b - 40 = -c*j + 2*j, 3*j + 4*b = 100. What are the prime factors of j?
2, 7
Let s be ((-12)/8)/(1/(-2)). Suppose 2*n = 3*a - a, -s*a + 2*n - 4 = 0. Let z = -2 - a. List the prime factors of z.
2
Let r(c) = 178*c**2 - 4*c + 3. Let v be r(1). Suppose -5*g = p - 442 + 160, -3*g + v = -2*p. List the prime factors of g.
3, 19
Suppose 0 = 2*w + w. Let r(y) = -y + 3. Let u be r(w). Suppose u*g + g = 164. What are the prime factors of g?
41
Suppose -4*m = -3*r + 27, r + r - 3*m = 18. Suppose -3*s + 5*u + 41 = 0, -5*s - 4*u + 55 = -r*u. Suppose -s = -5*h + 13. What are the prime factors of h?
2
Suppose 4*k + 2*n - 1272 = -2*n, -5*n = 20. Suppose k = -26*t + 28*t. What are the prime factors of t?
7, 23
Suppose 0 = -4*w + 6*w + 30. Let x(b) = -7*b + 7. List the prime factors of x(w).
2, 7
Suppose -3*p = 4*a + 284, 0 = a - 3*p + 40 + 46. List the prime factors of (-12)/(32/8)*a/6.
37
Suppose -15 = 5*l, 501 = 7*m - 3*m - 3*l. What are the prime factors of m?
3, 41
Let c(h) = 2*h + 2. Suppose 3*l = -2*q + 7*l, 0 = -4*q - 2*l. Suppose q = -2*p + p + 16. List the prime factors of c(p).
2, 17
Let w = 2192 + 952. What are the prime factors of w?
2, 3, 131
Suppose 0 = -m + 3*g, m - g + 2 = 4*g. Suppose -m*s + 6 = -0. Let j(y) = 6*y**2 + y - 2. List the prime factors of j(s).
2, 3
Suppose j - 5 = -0. Let t(u) = -22*u + 2. Let q be t(-2). List the prime factors of q + (0 - (j - 2)).
43
Let h(w) = -3*w**3 + 2*w**2 - 4*w + 5. Let s = 3 + 1. Let q(i) = 4*i**3 - i**2 + 4*i - 5. Let n(c) = s*q(c) + 5*h(c). List the prime factors of n(-5).
2, 5
Let r(i) = i - 7. Let x be r(8). Let u be 30 + -2*(x - 0). Suppose 7*w + u = 259. What are the prime factors of w?
3, 11
Let l(c) = c**2 - 17*c - 13. Let o be l(-11). Suppose 0*p + 5*p - o = 0. Suppose -43 = -5*m + 4*u, 5*m - p = u - 7. List the prime factors of m.
11
Suppose -5*n - 6 + 147 = s, 2*s - 3*n - 347 = 0. What are the prime factors of s?
2, 83
Suppose u + 25 - 9 = 0. List the prime factors of (-2 - 0) + (u - -174).
2, 3, 13
Let k(u) = u**3 - u**2 + 4*u + 312. Let n be k(0). Suppose 4*d = 2*q - 208, 0 = -3*q - d + 6*d + n. What are the prime factors of q?
2, 13
Let b = 2934 + -936. What are the prime factors of b?
2, 3, 37
Suppose 0 = -2*h - 2*h + 604. Suppose 89 = 5*g - h. List the prime factors of g.
2, 3
Let n = 7 + -11. Let f be 18/4 - n/(-8). Suppose 0*b - 120 = -f*b. What are the prime factors of b?
2, 3, 5
Let w be (2 - -1)*(27426/(-18) - 1). What are the prime factors of (2/(-3))/(w/(-654) - 7)?
109
Suppose 4*m - 3*m - 5*x = 0, -2*x = 0. Suppose -2*g = -4*w - m*w + 610, -4*g = 2*w - 310. What are the prime factors of w?
3, 17
Suppose -9 = -q - 9. Suppose q = -5*a + 7*f - 2*f + 425, 2*a + 3*f - 175 = 0. List the prime factors of a.
2, 43
Suppose -4*s - 11 = 3*k, -2*k + 4*k = -5*s - 19. Suppose k*o + 312 = 7*o. What are the prime factors of o?
2, 3, 13
Let t(d) = -2 + 6*d + 3 + 2 + 4. Let z = -11 + 19. What are the prime factors of t(z)?
5, 11
Let u(t) = t**2 - t - 3. Suppose 0 = l + l - 6. Let p be u(l). What are the prime factors of ((p - 0) + -2)*15?
3, 5
Suppose 0*f = -4*f. Let t(z) = 3*z + 63. Let s(d) = d + 31. Let l(u) = 5*s(u) - 2*t(u). What are the prime factors of l(f)?
29
Suppose -x = 4*x - 30. Suppose -4*l - 8 = -x*l. Suppose 0*r - 84 = -l*r. What are the prime factors of r?
3, 7
Let f be (0 + 3 + -3)/(-2). Let d(j) = 3*j - 5. Let u be d(f). Let q(g) = -14*g - 6. List the prime factors of q(u).
2
Let v(l) be the second derivative of l**5/20 + 23*l**4/12 - 14*l**3/3 - 35*l**2/2 - 11*l. What are the prime factors of v(-24)?
61
Suppose 3*z = 2*v - 3 - 0, -4*v - 4*z + 16 = 0. Let s(b) = -3*b - 2 + v*b**3 - 4*b + 6*b. List the prime factors of s(2).
2, 5
Suppose -4*n = -85 - 143. Let b = -7 + n. List the prime factors of b.
2, 5
Let i = -1175 + 3203. List the prime factors of i.
2, 3, 13
Suppose -v - 2*v + 6 = 0. Let p